ive i(v).
8
Let t(u) = u**2 + 5*u - 1. Let d(g) = -g**2 - 5*g + 1. Let c be d(-6). Determine t(c).
-1
Suppose m = -0*m + 6. Let p(q) = -4*q - 2*q**2 + 7 + q**2 + 3*q + 5*q. Give p(m).
-5
Let t(g) be the second derivative of -g**3/6 - g. Suppose 0 = -4*w + 3*w + 4. Suppose -6 = 3*u - 3*f, -2*u = w*f - 3*f - 5. Calculate t(u).
-1
Let j(n) = n**3 + 4*n**2 - 6*n - 3. Let w be -1*11/((-44)/(-16)). What is j(w)?
21
Let w(m) = m. Let s(o) = o**2 + o + 6. Let n be s(0). Give w(n).
6
Suppose -2*z + 2 + 0 = 0. Let j(b) = 3*b**2 - 2*b + 1. Let t be j(z). Let v(m) = 2*m - t - m + m. What is v(4)?
6
Let v(n) = -34 - 31 + 12*n**2 + n + 100 - 34. Let d = -1 - 0. What is v(d)?
12
Let i(a) = -9*a - 26. Let p(j) = 3*j + 9. Let y(r) = 3*i(r) + 8*p(r). Determine y(-5).
9
Let n(v) = v**3 - v**2 - 1. Let i(w) = -16*w**3 + 3*w**2 + 2. Let z(h) = i(h) + 3*n(h). Determine z(-1).
12
Suppose -7*w + 2*w = 0. Let v(y) = 5*y**2 - 8*y - 15. Let i(h) = -2*h**2 + 3*h + 5. Let u(x) = 8*i(x) + 3*v(x). Give u(w).
-5
Let a(f) = -3*f**3 + 2*f**2 - f. Suppose -3*j - 6 = -2*j + 4*y, 12 = -2*j + 4*y. Let x = j + 5. Let q be x/((-2)/(6/3)). Give a(q).
-2
Suppose 0 = -3*o + 4 + 2. Let k(v) = 0*v - v + o - 2*v + v. Let i(m) = m - 6. Let b be i(4). Determine k(b).
6
Let q be 24/(-2)*(-8)/24. Let l(i) = 3*i**2 - 18*i + 18. Let d(x) = 2*x**2 - 12*x + 12. Let z(y) = -7*d(y) + 5*l(y). Calculate z(q).
-2
Let y(r) = 7*r - 2 + r**2 + 5 - r. Let m(z) = -z - 4. Let k(a) = a**2 + 2*a - 3. Let j be k(-3). Let s be m(j). Give y(s).
-5
Suppose 3*y + 0*y = 9. Suppose 0 = -y*g + 1 - 13. Let r(d) = d**3 + 3*d**2 - 4*d - 5. What is r(g)?
-5
Suppose l = 5 + 5. Let f(b) = -b**2 + 9*b + 12. Let h be f(l). Let g(n) = -n**3 + n**2 + 2*n - 3. Give g(h).
-3
Let s(a) = a + 2. Let z(y) = 1. Suppose 0 = t + 3 - 8. Let c(r) = t*z(r) - 3*s(r). Let k(j) = 3*j + 1. Let x(u) = 5*c(u) + 6*k(u). What is x(-1)?
-2
Let j(x) = -3*x**3 + 15*x**2 - 3*x + 8. Let o be -1*(5 + -3) + 4. Let i(d) = -d**3 + 7*d**2 - d + 4. Let n(t) = o*j(t) - 5*i(t). Calculate n(-5).
1
Let r(q) = 1. Let w(t) = t - 9. Let x(a) = 6*r(a) + w(a). Let f be (-6)/(-12) - 5/(-2). Suppose 16 = 5*u + f*b, 0 = -4*b - 0*b - 12. Determine x(u).
2
Let a = 0 - -6. Let o = a - 5. Let t(w) = -2*w - w**3 - w**2 - o + 2*w. Calculate t(0).
-1
Let x(v) = v**2 - 8*v + 5. Let g = -22 - -27. Give x(g).
-10
Suppose -g - 4 = 3*g. Suppose 2*k + 4 - 2 = 5*a, 5*k - 26 = -3*a. Let o(x) = -k*x - x - x. Give o(g).
6
Let p = 12 - 8. Suppose -4*v + 5 = -4*r + 1, -5*v = -3*r - 9. Let s(x) = 0 + 2*x - 2 + v. What is s(p)?
9
Let t(s) = 4*s**2 - 3*s + 3. Let g(k) = -3*k**2 + 2*k - 3. Let r(n) = -3*g(n) - 2*t(n). Determine r(0).
3
Let z(t) = 1 - 8*t + 2*t + t**2 + 2 + 0*t. What is z(4)?
-5
Suppose 5*o = 2*o - o. Let i(j) = j - 3. Give i(o).
-3
Let s(c) = -c**3 - 3*c**2 - 3*c. Let g be s(-2). Let a(w) be the third derivative of -5/6*w**3 + 0 - 2*w**g + 1/12*w**4 + 0*w. What is a(5)?
5
Let r = -13 - -17. Let c(b) = r*b**2 - 2*b**2 - 2*b - 2*b**2 + b**2. Determine c(2).
0
Let o(l) = 4*l - 3*l - 2 - 1 + 0*l. Let i = -3 - -5. Suppose -3*g + 7 + i = 0. What is o(g)?
0
Suppose 19 = -x - 0*x + 5*d, 3*x = -3*d + 15. Suppose -x - 5 = s. Let q be 0 - s - 6/6. Let y(n) = n**2 - 6*n + 6. Give y(q).
1
Let u(t) = 5*t - 4. Let l(y) = 2*y - 2. Let g = -21 + 17. Let p(v) = g*u(v) + 9*l(v). Determine p(-7).
12
Let h(g) = -g - 2. Let f be h(-4). Let b(s) = -2*s - f + s - 2*s. What is b(-2)?
4
Suppose -5*s - 3*k + 30 = 0, 4*s = -2*k + 3*k + 7. Let o(h) be the second derivative of -h**4/12 + 5*h**3/6 - h**2/2 - 15*h. Give o(s).
5
Let w = 9 + -7. Let u(t) = w*t - 5*t + 4*t + 2*t**2 + t. What is u(-2)?
4
Suppose -4*p - 4 = -24. Suppose 9 = p*d - 1. Suppose d*o + 9 = -u, u - 6 = 4*o + 15. Let y(j) = j. Give y(o).
-5
Let w(i) = -i**2 - 4*i + 7. Let y be ((-18)/(-4))/(-1 - (-3)/12). Determine w(y).
-5
Let q(n) = n + 19. Let o be 5/(-15) - 2/(-6). Calculate q(o).
19
Let z(g) = -g**3 + 5*g**2 - 2*g + 2. Let j(k) = -3*k**3 - 3*k - 2. Let d be j(-1). Give z(d).
10
Let k(r) = r**3 + 4*r**2 - 4*r + 3. Suppose 4 = 2*s - 4*s. Let g be ((-1)/1 - s)*-5. Calculate k(g).
-2
Let a(l) be the first derivative of 1/2*l**2 - 6*l + 1. Determine a(4).
-2
Let j(w) = -2*w**3 + 3*w**2 - w - 2. Let d(t) = t**3 - 2*t**2 + t + 3. Let c(u) = 3*d(u) + 2*j(u). Let r(o) = -o**2 + o. Let g be r(1). Give c(g).
5
Let z(u) = -u + 1. Suppose -2*m + 8 = -8. Determine z(m).
-7
Let t(d) = d. Let b(a) = -3*a + 2. Let j(z) = b(z) + 5*t(z). Suppose 44*p - 52*p + 16 = 0. Give j(p).
6
Let m(l) = 2*l**2 + 3*l - 1. Let s(c) = -c**2 + 4*c - 3. Let p be s(3). Let z be (-3 - p - -1) + -1. Give m(z).
8
Let k(n) = -n**2 + 0*n - 22*n - 6 + 9*n + 9*n. Calculate k(-5).
-11
Suppose 4*j + c = 6*j - 3, 0 = -2*j + 3*c - 3. Let i(y) = -y**2 - y**2 + 2 + 3*y - 3. What is i(j)?
-10
Let i(h) = -2*h**2 + 3*h - 2. Let g be i(2). Let m(r) be the third derivative of -r**6/120 - r**5/20 + 5*r**4/24 + r**3 + 2*r**2. What is m(g)?
2
Let s be (-13 - -14)/(2/(-54)). Let k be (-8)/6*s/12. Let t(a) = -a**2 + 4*a - 2. What is t(k)?
1
Let c be (-190)/(-30) + 2/3. Let r(t) = -t**2 + 5*t + 10. Calculate r(c).
-4
Let y be 1*2/22 + 253/(-121). Suppose 3*d + 2*t - 16 = 4*t, -4*d + 4*t = -24. Let c(s) = 4*s + 4 - d + 3. Determine c(y).
-5
Let n(c) = -c**3 + 2*c**2 + 3. Suppose -3*u - 33 = -6*u. Let a = u + -8. Give n(a).
-6
Let l(s) = -s**2 + 5*s. Suppose -2*u = -7*u + 25. Suppose -12 = u*p - p. Let g be -1 + 3 - (p - -1). Calculate l(g).
4
Let p(s) be the second derivative of -s**5/20 - 5*s**4/12 + s**3 - s**2/2 - 5*s. What is p(-6)?
-1
Let u(v) = -v**2 - 11*v + 9. Let s be u(-8). Let f(a) = -s*a + 33*a - 4 - a**3 - a**2. Calculate f(0).
-4
Let a(x) = 2*x**2 + 8 - x**3 + 2*x**2 + 4*x - 10*x**2. Determine a(-6).
-16
Let x(v) = 3*v + 3. Suppose -5*g + 2 + 6 = 4*l, -4*g + 4 = 2*l. Suppose 2*o - 2*b = -5*b + l, -b = -4*o - 10. Give x(o).
-3
Let c(z) = 6*z - 1. Let t(u) be the third derivative of -3*u**2 + 0 - 1/24*u**4 + 0*u + 1/60*u**5 + 0*u**3. Let w(g) = -c(g) - 6*t(g). Determine w(-1).
-5
Let n(r) = -r**2 - 13*r + 7. Let f(k) = -2*k**2 - 27*k + 16. Let l(j) = -6*f(j) + 13*n(j). Give l(-7).
-5
Suppose -7*q = -2*q + 50. Let i be ((-12)/(-15))/(4/q). Let z(p) = -2*p**3 - p**2 + 3*p + 2. Determine z(i).
8
Let q be ((-4)/(-2) + -2)/(-2). Let b(r) = -r + 1. Let c(d) = d**2 - 4*d - 4. Let p(h) = 5*b(h) - c(h). Determine p(q).
9
Let w(q) = q - 1. Let y(c) = -7*c. Let j be (-2)/6 + 52/12. Suppose -j*b + 4 - 16 = 0. Let t(i) = b*w(i) - y(i). Calculate t(-2).
-5
Let t(q) be the first derivative of -5*q**3/3 + q**2/2 - q - 34. Determine t(1).
-5
Let n = -7 + 12. Let j(m) = 6*m**3 + 5*m**2 + 2*m + 5. Let d(l) = -l**3. Let t(q) = n*d(q) + j(q). Determine t(-5).
-5
Let r(y) = -y**2. Let f(b) = -7*b**2 - 2*b + 3. Let x(u) = -f(u) + 6*r(u). Determine x(2).
5
Suppose 0 = 2*y + 2*b - 18, -3*y - y + 32 = 3*b. Let d(r) = 2*r - 1. Let x(t) = 2*t - 1. Let w(s) = y*x(s) - 4*d(s). Calculate w(3).
5
Suppose -5*l - 9 = -2*l. Let h(i) = -i**2 - i + 1. Calculate h(l).
-5
Let p(w) = w - 5. Let u = 1 - -7. Let v be 4/u*6 - -2. What is p(v)?
0
Let c = -13 - -11. Let m be -1 + 4 + 2 + c. Let f(s) = s**3 - 2*s**2 - 3*s - 2. Calculate f(m).
-2
Let f(v) = 3*v + 11 + 9*v - 10 - 8*v. Determine f(2).
9
Let l(v) = 2*v - v**2 + 2 - 3*v - 3 + 0*v**2. Let n(p) = p**2. Let a(h) = 6*l(h) + 5*n(h). Give a(-6).
-6
Let g(y) = y**2 + 8*y - 1. Suppose -3*v = 3*p - 4*p + 17, p = -3*v - 25. Give g(v).
-8
Let q(r) = -5*r**2 - 12*r - 4. Let x(b) = b**2 + b + 1. Let g(y) = q(y) + 6*x(y). Give g(6).
2
Let i(y) be the third derivative of 5/24*y**4 - 1/60*y**5 + 0*y - 5*y**2 + 0 - 5/6*y**3. Calculate i(4).
-1
Suppose 5*f = 2*f + 15. Let x(a) = -a**3 + 5*a**2 - a - 4. Give x(f).
-9
Let p(x) = -10*x**2 - x. Suppose 11 = -4*r - 7*r. Give p(r).
-9
Let c(l) = -5*l - 3 - 3 + 8 + 1. What is c(3)?
-12
Let v = 0 + -2. Let d be (0 + 1/v)*0. Let j(h) = h**3 + 2*h**3 - 4 - 2*h**3 - h**2. Give j(d).
-4
Let p(w) = 5*w - 4*w + 1 + 2 - 4*w. Determine p(2).
-3
Let d be 19/4 - 9*1/12. Let m(t) = -2*t + 5. Let w(o) = -6*o + o + 4 + 2*o. Let a(y) = d*m(y) - 3*w(y). Determine a(0).
8
Let j(w) = 3*w**3 + 7*w**2 - 2. Let p(r) = -r**3 - 3*r**2 + 1. Let f(x) = 2*j(x) + 5*p(x). Calculate f(1).
1
Suppose 0 = 4*y + 5*t - 32, 5*y - 7 - 4 = t. Let p(k) = -k**2 - k. Deter